{"id":665,"date":"2017-03-27T13:18:04","date_gmt":"2017-03-27T13:18:04","guid":{"rendered":"https:\/\/www.balticcar.ee\/autopesula\/?page_id=665"},"modified":"2017-03-27T16:15:22","modified_gmt":"2017-03-27T16:15:22","slug":"auton-kovavahaus","status":"publish","type":"page","link":"https:\/\/www.balticcar.ee\/autopesula\/fin\/kasinpesu\/auton-kovavahaus\/","title":{"rendered":"Auton kovavahaus"},"content":{"rendered":"<p style=\"text-align: right;\">&#8211; \u00a0Auton kovavahaus \u00a0&#8211;<\/p>\n<h2><span style=\"color: #3366ff;\"><span style=\"font-size: 12pt;\">Jos haluat suojata autosi maalipinnan ilmansaasteilta ja muilta ulkoisilta haitallisilta tekij\u00f6ilt\u00e4. <\/span><\/span><\/h2>\n<p><span style=\"font-size: 12pt;\">Kovavahaus on suositeltavaa suorittaa 1-2 kertaa vuodessa. Kovavahaus antaa autosi maalipinnalle pitk\u00e4kestoisen suojan auringon ultraviolettis\u00e4teily\u00e4 vastaan, ilmansaasteiden ja maantiesuolan vaikutuksia vastaan. Autosi arvo s\u00e4ilyy kun siit\u00e4 pidet\u00e4\u00e4n hyv\u00e4\u00e4 huolta. Vaha t\u00e4ytt\u00e4\u00e4 my\u00f6s pieni\u00e4 naarmuja ja antaa n\u00e4in maalipinnoille uskomattoman syv\u00e4n kiillon korostaen autosi omaa v\u00e4ri\u00e4.\u00a0<\/span><\/p>\n<p><span style=\"font-size: 12pt;\">Vahaukset suoritamme aina vain parhailla, kansainv\u00e4lisestikin tunnetuilla ja parhaiksi valituilla tuotteilla.<\/span><\/p>\n<p>&nbsp;<\/p>\n<h3 style=\"text-align: center;\">&#8211; \u00a0Auton kovavahaus \u00a0&#8211;<\/h3>\n","protected":false},"excerpt":{"rendered":"<p>&#8211; \u00a0Auton kovavahaus \u00a0&#8211; Jos haluat suojata autosi [&hellip;]<\/p>\n","protected":false},"author":2,"featured_media":230,"parent":365,"menu_order":0,"comment_status":"closed","ping_status":"closed","template":"","meta":[],"acf":[],"yoast_head":"<!-- This site is optimized with the Yoast SEO plugin v20.11 - https:\/\/yoast.com\/wordpress\/plugins\/seo\/ -->\n<title>Auton kovavahaus - Baltic Car Rehvid<\/title>\n<meta name=\"description\" content=\"Auton kovavahaus - Kovavahaus on suositeltavaa suorittaa 1-2 kertaa vuodessa. Kovavahaus antaa autosi maalipinnalle pitk\u00e4kestoisen suojan auringon ultravio\" \/>\n<meta name=\"robots\" content=\"index, follow, max-snippet:-1, max-image-preview:large, max-video-preview:-1\" \/>\n<link rel=\"canonical\" href=\"https:\/\/www.balticcar.ee\/autopesula\/fin\/kasinpesu\/auton-kovavahaus\/\" \/>\n<meta property=\"og:locale\" content=\"en_US\" \/>\n<meta property=\"og:type\" content=\"article\" \/>\n<meta property=\"og:title\" content=\"Auton kovavahaus - Baltic Car Rehvid\" \/>\n<meta property=\"og:description\" content=\"Auton kovavahaus - Kovavahaus on suositeltavaa suorittaa 1-2 kertaa vuodessa. Kovavahaus antaa autosi maalipinnalle pitk\u00e4kestoisen suojan auringon ultravio\" \/>\n<meta property=\"og:url\" content=\"https:\/\/www.balticcar.ee\/autopesula\/fin\/kasinpesu\/auton-kovavahaus\/\" \/>\n<meta property=\"og:site_name\" content=\"Baltic Car Rehvid\" \/>\n<meta property=\"article:modified_time\" content=\"2017-03-27T16:15:22+00:00\" \/>\n<meta property=\"og:image\" content=\"https:\/\/www.balticcar.ee\/autopesula\/wp-content\/uploads\/2017\/02\/OBBPSU0.jpg\" \/>\n\t<meta property=\"og:image:width\" content=\"1024\" \/>\n\t<meta property=\"og:image:height\" content=\"683\" \/>\n\t<meta property=\"og:image:type\" content=\"image\/jpeg\" \/>\n<meta name=\"twitter:card\" content=\"summary_large_image\" \/>\n<script type=\"application\/ld+json\" class=\"yoast-schema-graph\">{\"@context\":\"https:\/\/schema.org\",\"@graph\":[{\"@type\":\"WebPage\",\"@id\":\"https:\/\/www.balticcar.ee\/autopesula\/fin\/kasinpesu\/auton-kovavahaus\/\",\"url\":\"https:\/\/www.balticcar.ee\/autopesula\/fin\/kasinpesu\/auton-kovavahaus\/\",\"name\":\"Auton kovavahaus - Baltic Car Rehvid\",\"isPartOf\":{\"@id\":\"https:\/\/www.balticcar.ee\/autopesula\/#website\"},\"datePublished\":\"2017-03-27T13:18:04+00:00\",\"dateModified\":\"2017-03-27T16:15:22+00:00\",\"description\":\"Auton kovavahaus - Kovavahaus on suositeltavaa suorittaa 1-2 kertaa vuodessa. Kovavahaus antaa autosi maalipinnalle pitk\u00e4kestoisen suojan auringon ultravio\",\"breadcrumb\":{\"@id\":\"https:\/\/www.balticcar.ee\/autopesula\/fin\/kasinpesu\/auton-kovavahaus\/#breadcrumb\"},\"inLanguage\":\"en-US\",\"potentialAction\":[{\"@type\":\"ReadAction\",\"target\":[\"https:\/\/www.balticcar.ee\/autopesula\/fin\/kasinpesu\/auton-kovavahaus\/\"]}]},{\"@type\":\"BreadcrumbList\",\"@id\":\"https:\/\/www.balticcar.ee\/autopesula\/fin\/kasinpesu\/auton-kovavahaus\/#breadcrumb\",\"itemListElement\":[{\"@type\":\"ListItem\",\"position\":1,\"name\":\"Home\",\"item\":\"https:\/\/www.balticcar.ee\/autopesula\/\"},{\"@type\":\"ListItem\",\"position\":2,\"name\":\"K\u00e4sinpesu shampoolla\",\"item\":\"https:\/\/www.balticcar.ee\/autopesula\/fin\/kasinpesu\/\"},{\"@type\":\"ListItem\",\"position\":3,\"name\":\"Auton kovavahaus\"}]},{\"@type\":\"WebSite\",\"@id\":\"https:\/\/www.balticcar.ee\/autopesula\/#website\",\"url\":\"https:\/\/www.balticcar.ee\/autopesula\/\",\"name\":\"Baltic Car Rehvid\",\"description\":\"Rehvid &amp; Rehvivahetus\",\"potentialAction\":[{\"@type\":\"SearchAction\",\"target\":{\"@type\":\"EntryPoint\",\"urlTemplate\":\"https:\/\/www.balticcar.ee\/autopesula\/?s={search_term_string}\"},\"query-input\":\"required name=search_term_string\"}],\"inLanguage\":\"en-US\"}]}<\/script>\n<!-- \/ Yoast SEO plugin. -->","yoast_head_json":{"title":"Auton kovavahaus - Baltic Car Rehvid","description":"Auton kovavahaus - Kovavahaus on suositeltavaa suorittaa 1-2 kertaa vuodessa. Kovavahaus antaa autosi maalipinnalle pitk\u00e4kestoisen suojan auringon ultravio","robots":{"index":"index","follow":"follow","max-snippet":"max-snippet:-1","max-image-preview":"max-image-preview:large","max-video-preview":"max-video-preview:-1"},"canonical":"https:\/\/www.balticcar.ee\/autopesula\/fin\/kasinpesu\/auton-kovavahaus\/","og_locale":"en_US","og_type":"article","og_title":"Auton kovavahaus - Baltic Car Rehvid","og_description":"Auton kovavahaus - Kovavahaus on suositeltavaa suorittaa 1-2 kertaa vuodessa. Kovavahaus antaa autosi maalipinnalle pitk\u00e4kestoisen suojan auringon ultravio","og_url":"https:\/\/www.balticcar.ee\/autopesula\/fin\/kasinpesu\/auton-kovavahaus\/","og_site_name":"Baltic Car Rehvid","article_modified_time":"2017-03-27T16:15:22+00:00","og_image":[{"width":1024,"height":683,"url":"https:\/\/www.balticcar.ee\/autopesula\/wp-content\/uploads\/2017\/02\/OBBPSU0.jpg","type":"image\/jpeg"}],"twitter_card":"summary_large_image","schema":{"@context":"https:\/\/schema.org","@graph":[{"@type":"WebPage","@id":"https:\/\/www.balticcar.ee\/autopesula\/fin\/kasinpesu\/auton-kovavahaus\/","url":"https:\/\/www.balticcar.ee\/autopesula\/fin\/kasinpesu\/auton-kovavahaus\/","name":"Auton kovavahaus - Baltic Car Rehvid","isPartOf":{"@id":"https:\/\/www.balticcar.ee\/autopesula\/#website"},"datePublished":"2017-03-27T13:18:04+00:00","dateModified":"2017-03-27T16:15:22+00:00","description":"Auton kovavahaus - Kovavahaus on suositeltavaa suorittaa 1-2 kertaa vuodessa. Kovavahaus antaa autosi maalipinnalle pitk\u00e4kestoisen suojan auringon ultravio","breadcrumb":{"@id":"https:\/\/www.balticcar.ee\/autopesula\/fin\/kasinpesu\/auton-kovavahaus\/#breadcrumb"},"inLanguage":"en-US","potentialAction":[{"@type":"ReadAction","target":["https:\/\/www.balticcar.ee\/autopesula\/fin\/kasinpesu\/auton-kovavahaus\/"]}]},{"@type":"BreadcrumbList","@id":"https:\/\/www.balticcar.ee\/autopesula\/fin\/kasinpesu\/auton-kovavahaus\/#breadcrumb","itemListElement":[{"@type":"ListItem","position":1,"name":"Home","item":"https:\/\/www.balticcar.ee\/autopesula\/"},{"@type":"ListItem","position":2,"name":"K\u00e4sinpesu shampoolla","item":"https:\/\/www.balticcar.ee\/autopesula\/fin\/kasinpesu\/"},{"@type":"ListItem","position":3,"name":"Auton kovavahaus"}]},{"@type":"WebSite","@id":"https:\/\/www.balticcar.ee\/autopesula\/#website","url":"https:\/\/www.balticcar.ee\/autopesula\/","name":"Baltic Car Rehvid","description":"Rehvid &amp; Rehvivahetus","potentialAction":[{"@type":"SearchAction","target":{"@type":"EntryPoint","urlTemplate":"https:\/\/www.balticcar.ee\/autopesula\/?s={search_term_string}"},"query-input":"required name=search_term_string"}],"inLanguage":"en-US"}]}},"_links":{"self":[{"href":"https:\/\/www.balticcar.ee\/autopesula\/wp-json\/wp\/v2\/pages\/665"}],"collection":[{"href":"https:\/\/www.balticcar.ee\/autopesula\/wp-json\/wp\/v2\/pages"}],"about":[{"href":"https:\/\/www.balticcar.ee\/autopesula\/wp-json\/wp\/v2\/types\/page"}],"author":[{"embeddable":true,"href":"https:\/\/www.balticcar.ee\/autopesula\/wp-json\/wp\/v2\/users\/2"}],"replies":[{"embeddable":true,"href":"https:\/\/www.balticcar.ee\/autopesula\/wp-json\/wp\/v2\/comments?post=665"}],"version-history":[{"count":0,"href":"https:\/\/www.balticcar.ee\/autopesula\/wp-json\/wp\/v2\/pages\/665\/revisions"}],"up":[{"embeddable":true,"href":"https:\/\/www.balticcar.ee\/autopesula\/wp-json\/wp\/v2\/pages\/365"}],"wp:featuredmedia":[{"embeddable":true,"href":"https:\/\/www.balticcar.ee\/autopesula\/wp-json\/wp\/v2\/media\/230"}],"wp:attachment":[{"href":"https:\/\/www.balticcar.ee\/autopesula\/wp-json\/wp\/v2\/media?parent=665"}],"curies":[{"name":"wp","href":"https:\/\/api.w.org\/{rel}","templated":true}]}}