{"id":359,"date":"2017-02-13T14:55:04","date_gmt":"2017-02-13T14:55:04","guid":{"rendered":"http:\/\/www.balticcar.ee\/autopesula\/?page_id=359"},"modified":"2018-11-27T23:41:09","modified_gmt":"2018-11-27T23:41:09","slug":"sisainen-puhdistus","status":"publish","type":"page","link":"https:\/\/www.balticcar.ee\/autopesula\/fin\/sisainen-puhdistus\/","title":{"rendered":"Sis\u00e4inen puhdistus"},"content":{"rendered":"<div style=\"text-align: right;\">\u00a0&#8211; \u00a0Sis\u00e4inen puhdistus \u00a0&#8211;<\/div>\n<div><span style=\"font-size: 12pt;\">Auton sis\u00e4puhdistus tulisi suorittaa s\u00e4\u00e4nn\u00f6llisin v\u00e4liajoin noin 3-7 viikon v\u00e4lein.<\/span><\/div>\n<div><span style=\"font-size: 12pt;\">T\u00e4ydellinen sis\u00e4puhdistus sis\u00e4lt\u00e4\u00e4 mattojen pesun, imuroinnin, ovienv\u00e4lien pesun sek\u00e4 kojelautojen ja ikkunoiden puhdistuksen.<\/span><\/div>\n<div><span style=\"font-size: 12pt;\">Poistamme autosta my\u00f6s mahdolliset el\u00e4inten karvat sek\u00e4 muut ep\u00e4puhtaudet.\u00a0Sisustan osien puhdistukseen k\u00e4yt\u00e4mme puhdistavia pesuaineita jotka eiv\u00e4t j\u00e4t\u00e4 autoon tuoksuja. Asiakkaan halutessa voimme k\u00e4ytt\u00e4\u00e4 my\u00f6s kiiltoa ja tuoksua sis\u00e4lt\u00e4vi\u00e4 aineita.<\/span><\/div>\n<div><span style=\"font-size: 12pt;\"><br \/>\nVoit olla varma ett\u00e4 autosi saadaan puhtaaksi.<\/span><\/div>\n<h3><strong><span style=\"color: #3366ff;\">Nahkapen<img decoding=\"async\" loading=\"lazy\" class=\"size-medium wp-image-453 alignleft\" src=\"https:\/\/www.balticcar.ee\/autopesula\/wp-content\/uploads\/2017\/02\/Pesula-pilt-1-300x223.jpg\" alt=\"Autopesula\" width=\"300\" height=\"223\" srcset=\"https:\/\/www.balticcar.ee\/autopesula\/wp-content\/uploads\/2017\/02\/Pesula-pilt-1-300x223.jpg 300w, https:\/\/www.balticcar.ee\/autopesula\/wp-content\/uploads\/2017\/02\/Pesula-pilt-1-768x572.jpg 768w, https:\/\/www.balticcar.ee\/autopesula\/wp-content\/uploads\/2017\/02\/Pesula-pilt-1-1024x762.jpg 1024w\" sizes=\"(max-width: 300px) 100vw, 300px\" \/>kien ja nahkasisustuksen puhdistus ja hoito.<\/span><\/strong><\/h3>\n<div><span style=\"font-size: 12pt;\">Nahkapenkit eiv\u00e4t ole niin herkki\u00e4 imem\u00e4\u00e4n likaa itseens\u00e4 ja ne kannattaakin suojata tarkoitukseen tehdyill\u00e4 nahank\u00e4sittelyaineilla.<\/span><br \/>\n<span style=\"font-size: 12pt;\"> Puhdistamisen j\u00e4lkeen nahkapenkit kannattaa suojata viel\u00e4 erillisell\u00e4 suoja-aineella, joka saa nahkaan hylkim\u00e4\u00e4n likaa pitk\u00e4ksi aikaa ja puhtaana pit\u00e4minen jatkossa on helpompaa.<\/span><\/div>\n<div><span style=\"font-size: 12pt;\"><br \/>\nPalveluihimme kuuluu auton k\u00e4sinpesut, vahaukset ja sis\u00e4puhdistukset sek\u00e4<br \/>\nmuut autopesulapalvelut.<\/span><\/div>\n<div><span style=\"font-size: 12pt;\">\u00a0<\/span><\/div>\n<div><span style=\"font-size: 12pt;\">Ota yhteytt\u00e4\u00a0niin\u00a0kaunistamme autosi.<\/span><\/div>\n<div><\/div>\n<h3 style=\"text-align: center;\">&#8211; \u00a0Sis\u00e4inen puhdistus \u00a0&#8211;<\/h3>\n","protected":false},"excerpt":{"rendered":"<p>\u00a0&#8211; \u00a0Sis\u00e4inen puhdistus \u00a0&#8211; Auton sis\u00e4puhdistus tulisi suorittaa [&hellip;]<\/p>\n","protected":false},"author":1,"featured_media":0,"parent":0,"menu_order":0,"comment_status":"closed","ping_status":"closed","template":"children.php","meta":[],"acf":[],"yoast_head":"<!-- This site is optimized with the Yoast SEO plugin v20.11 - https:\/\/yoast.com\/wordpress\/plugins\/seo\/ -->\n<title>Sis\u00e4inen puhdistus - Baltic Car Rehvid<\/title>\n<meta name=\"description\" content=\"Sis\u00e4inen puhdistus - T\u00e4ydellinen sis\u00e4puhdistus sis\u00e4lt\u00e4\u00e4 mattojen pesun, imuroinnin, ovienv\u00e4lien pesun sek\u00e4 kojelautojen ja ikkunoiden puhdistuksen.\" \/>\n<meta name=\"robots\" content=\"index, follow, max-snippet:-1, max-image-preview:large, max-video-preview:-1\" \/>\n<link rel=\"canonical\" href=\"https:\/\/www.balticcar.ee\/autopesula\/fin\/sisainen-puhdistus\/\" \/>\n<meta property=\"og:locale\" content=\"en_US\" \/>\n<meta property=\"og:type\" content=\"article\" \/>\n<meta property=\"og:title\" content=\"Sis\u00e4inen puhdistus - Baltic Car Rehvid\" \/>\n<meta property=\"og:description\" content=\"Sis\u00e4inen puhdistus - T\u00e4ydellinen sis\u00e4puhdistus sis\u00e4lt\u00e4\u00e4 mattojen pesun, imuroinnin, ovienv\u00e4lien pesun sek\u00e4 kojelautojen ja ikkunoiden puhdistuksen.\" \/>\n<meta property=\"og:url\" content=\"https:\/\/www.balticcar.ee\/autopesula\/fin\/sisainen-puhdistus\/\" \/>\n<meta property=\"og:site_name\" content=\"Baltic Car Rehvid\" \/>\n<meta property=\"article:modified_time\" content=\"2018-11-27T23:41:09+00:00\" \/>\n<meta property=\"og:image\" content=\"https:\/\/www.balticcar.ee\/autopesula\/wp-content\/uploads\/2017\/02\/Pesula-pilt-1-300x223.jpg\" \/>\n<meta name=\"twitter:card\" content=\"summary_large_image\" \/>\n<meta name=\"twitter:label1\" content=\"Est. reading time\" \/>\n\t<meta name=\"twitter:data1\" content=\"1 minute\" \/>\n<script type=\"application\/ld+json\" class=\"yoast-schema-graph\">{\"@context\":\"https:\/\/schema.org\",\"@graph\":[{\"@type\":\"WebPage\",\"@id\":\"https:\/\/www.balticcar.ee\/autopesula\/fin\/sisainen-puhdistus\/\",\"url\":\"https:\/\/www.balticcar.ee\/autopesula\/fin\/sisainen-puhdistus\/\",\"name\":\"Sis\u00e4inen puhdistus - Baltic Car Rehvid\",\"isPartOf\":{\"@id\":\"https:\/\/www.balticcar.ee\/autopesula\/#website\"},\"datePublished\":\"2017-02-13T14:55:04+00:00\",\"dateModified\":\"2018-11-27T23:41:09+00:00\",\"description\":\"Sis\u00e4inen puhdistus - T\u00e4ydellinen sis\u00e4puhdistus sis\u00e4lt\u00e4\u00e4 mattojen pesun, imuroinnin, ovienv\u00e4lien pesun sek\u00e4 kojelautojen ja ikkunoiden puhdistuksen.\",\"breadcrumb\":{\"@id\":\"https:\/\/www.balticcar.ee\/autopesula\/fin\/sisainen-puhdistus\/#breadcrumb\"},\"inLanguage\":\"en-US\",\"potentialAction\":[{\"@type\":\"ReadAction\",\"target\":[\"https:\/\/www.balticcar.ee\/autopesula\/fin\/sisainen-puhdistus\/\"]}]},{\"@type\":\"BreadcrumbList\",\"@id\":\"https:\/\/www.balticcar.ee\/autopesula\/fin\/sisainen-puhdistus\/#breadcrumb\",\"itemListElement\":[{\"@type\":\"ListItem\",\"position\":1,\"name\":\"Home\",\"item\":\"https:\/\/www.balticcar.ee\/autopesula\/\"},{\"@type\":\"ListItem\",\"position\":2,\"name\":\"Sis\u00e4inen puhdistus\"}]},{\"@type\":\"WebSite\",\"@id\":\"https:\/\/www.balticcar.ee\/autopesula\/#website\",\"url\":\"https:\/\/www.balticcar.ee\/autopesula\/\",\"name\":\"Baltic Car Rehvid\",\"description\":\"Rehvid &amp; Rehvivahetus\",\"potentialAction\":[{\"@type\":\"SearchAction\",\"target\":{\"@type\":\"EntryPoint\",\"urlTemplate\":\"https:\/\/www.balticcar.ee\/autopesula\/?s={search_term_string}\"},\"query-input\":\"required name=search_term_string\"}],\"inLanguage\":\"en-US\"}]}<\/script>\n<!-- \/ Yoast SEO plugin. -->","yoast_head_json":{"title":"Sis\u00e4inen puhdistus - Baltic Car Rehvid","description":"Sis\u00e4inen puhdistus - T\u00e4ydellinen sis\u00e4puhdistus sis\u00e4lt\u00e4\u00e4 mattojen pesun, imuroinnin, ovienv\u00e4lien pesun sek\u00e4 kojelautojen ja ikkunoiden puhdistuksen.","robots":{"index":"index","follow":"follow","max-snippet":"max-snippet:-1","max-image-preview":"max-image-preview:large","max-video-preview":"max-video-preview:-1"},"canonical":"https:\/\/www.balticcar.ee\/autopesula\/fin\/sisainen-puhdistus\/","og_locale":"en_US","og_type":"article","og_title":"Sis\u00e4inen puhdistus - Baltic Car Rehvid","og_description":"Sis\u00e4inen puhdistus - T\u00e4ydellinen sis\u00e4puhdistus sis\u00e4lt\u00e4\u00e4 mattojen pesun, imuroinnin, ovienv\u00e4lien pesun sek\u00e4 kojelautojen ja ikkunoiden puhdistuksen.","og_url":"https:\/\/www.balticcar.ee\/autopesula\/fin\/sisainen-puhdistus\/","og_site_name":"Baltic Car Rehvid","article_modified_time":"2018-11-27T23:41:09+00:00","og_image":[{"url":"https:\/\/www.balticcar.ee\/autopesula\/wp-content\/uploads\/2017\/02\/Pesula-pilt-1-300x223.jpg"}],"twitter_card":"summary_large_image","twitter_misc":{"Est. reading time":"1 minute"},"schema":{"@context":"https:\/\/schema.org","@graph":[{"@type":"WebPage","@id":"https:\/\/www.balticcar.ee\/autopesula\/fin\/sisainen-puhdistus\/","url":"https:\/\/www.balticcar.ee\/autopesula\/fin\/sisainen-puhdistus\/","name":"Sis\u00e4inen puhdistus - Baltic Car Rehvid","isPartOf":{"@id":"https:\/\/www.balticcar.ee\/autopesula\/#website"},"datePublished":"2017-02-13T14:55:04+00:00","dateModified":"2018-11-27T23:41:09+00:00","description":"Sis\u00e4inen puhdistus - T\u00e4ydellinen sis\u00e4puhdistus sis\u00e4lt\u00e4\u00e4 mattojen pesun, imuroinnin, ovienv\u00e4lien pesun sek\u00e4 kojelautojen ja ikkunoiden puhdistuksen.","breadcrumb":{"@id":"https:\/\/www.balticcar.ee\/autopesula\/fin\/sisainen-puhdistus\/#breadcrumb"},"inLanguage":"en-US","potentialAction":[{"@type":"ReadAction","target":["https:\/\/www.balticcar.ee\/autopesula\/fin\/sisainen-puhdistus\/"]}]},{"@type":"BreadcrumbList","@id":"https:\/\/www.balticcar.ee\/autopesula\/fin\/sisainen-puhdistus\/#breadcrumb","itemListElement":[{"@type":"ListItem","position":1,"name":"Home","item":"https:\/\/www.balticcar.ee\/autopesula\/"},{"@type":"ListItem","position":2,"name":"Sis\u00e4inen puhdistus"}]},{"@type":"WebSite","@id":"https:\/\/www.balticcar.ee\/autopesula\/#website","url":"https:\/\/www.balticcar.ee\/autopesula\/","name":"Baltic Car Rehvid","description":"Rehvid &amp; Rehvivahetus","potentialAction":[{"@type":"SearchAction","target":{"@type":"EntryPoint","urlTemplate":"https:\/\/www.balticcar.ee\/autopesula\/?s={search_term_string}"},"query-input":"required name=search_term_string"}],"inLanguage":"en-US"}]}},"_links":{"self":[{"href":"https:\/\/www.balticcar.ee\/autopesula\/wp-json\/wp\/v2\/pages\/359"}],"collection":[{"href":"https:\/\/www.balticcar.ee\/autopesula\/wp-json\/wp\/v2\/pages"}],"about":[{"href":"https:\/\/www.balticcar.ee\/autopesula\/wp-json\/wp\/v2\/types\/page"}],"author":[{"embeddable":true,"href":"https:\/\/www.balticcar.ee\/autopesula\/wp-json\/wp\/v2\/users\/1"}],"replies":[{"embeddable":true,"href":"https:\/\/www.balticcar.ee\/autopesula\/wp-json\/wp\/v2\/comments?post=359"}],"version-history":[{"count":0,"href":"https:\/\/www.balticcar.ee\/autopesula\/wp-json\/wp\/v2\/pages\/359\/revisions"}],"wp:attachment":[{"href":"https:\/\/www.balticcar.ee\/autopesula\/wp-json\/wp\/v2\/media?parent=359"}],"curies":[{"name":"wp","href":"https:\/\/api.w.org\/{rel}","templated":true}]}}