{"id":357,"date":"2017-02-13T14:54:21","date_gmt":"2017-02-13T14:54:21","guid":{"rendered":"http:\/\/www.balticcar.ee\/autopesula\/?page_id=357"},"modified":"2020-01-25T18:08:54","modified_gmt":"2020-01-25T18:08:54","slug":"internal-cleaning","status":"publish","type":"page","link":"https:\/\/www.balticcar.ee\/autopesula\/eng\/internal-cleaning\/","title":{"rendered":"Internal cleaning"},"content":{"rendered":"<h3>Internal cleaning<\/h3>\n<p>Interior and exterior cleaning is a basic treatment that can be completed with various more specific treatments.<\/p>\n<p>We advise you to recondition the interior of your vehicle at least once a year.\u00a0The full interior reconditioning consists of shampooing of all interior fabrics of your vehicle, reconditioning of the leather and deep cleaning of the plastics in your vehicle.<\/p>\n<h3>Textile protection<\/h3>\n<p>This treatment is intended to waterproof your seats and carpets convertible roofs. Therefore, no tough stains will appear as a result of, for example, mud, ash, sweets, food, and drinks. The coating easily maintains the new freshness 2 or 3 times longer.<\/p>\n<p>Regardless of use, a vehicle is subjected to various aggressions and unpleasant odours due to storage in a poorly aerated place or use by drivers and passengers who are not especially careful with the seats, carpets, and storage or loading spaces.<\/p>\n<p>We have a solution!<\/p>\n<ul>\n<li>Drying the doorways<\/li>\n<li>Vacuuming the cabin and boot<\/li>\n<li>Emptying and cleaning the ash trays<\/li>\n<li>Dusting the interior plastics<\/li>\n<li>Cleaning the windows and mirrors<\/li>\n<li>Applying a high-gloss product to the tyres.<\/li>\n<\/ul>\n<h3>Leather care<\/h3>\n<p>This treatment consists of deep cleaning of the leather in your vehicle.\u00a0 We then apply a high-quality nourishing cream to the leather to restore its suppleness.\u00a0 It is recommended to apply a nourishing cream to the leather seats of vehicles every 3 to 4 months.<\/p>\n<p style=\"text-align: right;\"><em>&#8211; Internal cleaning &#8211;<\/em><\/p>\n<div class=\"table-responsive\">\n<table class=\"table table-striped\" style=\"width: 100%;\">\n<thead>\n<tr>\n<th style=\"width: 17.6623%;\">Sisepuhastus<\/th>\n<th style=\"width: 11.5584%;\">S\u00f5iduauto<\/th>\n<th style=\"width: 9.61039%;\">Maastur<\/th>\n<th style=\"width: 59.7403%;\"><\/th>\n<\/tr>\n<\/thead>\n<tbody>\n<tr>\n<td style=\"width: 17.6623%;\">Salongi kuivpuhastus<\/td>\n<td style=\"width: 11.5584%;\">16 \u20ac (30 Min)<\/td>\n<td style=\"width: 9.61039%;\">19 \u20ac (40 Min)<\/td>\n<td style=\"width: 59.7403%;\">Istmete, p\u00f5randate + mattide puhastamine tolmuimejaga. Plastikpindade ja pagasiruumi kuivpuhastus.<\/td>\n<\/tr>\n<tr>\n<td style=\"width: 17.6623%;\">Salongi p\u00f5hjalik pesu<\/td>\n<td style=\"width: 11.5584%;\">29 \u20ac (1 H)<\/td>\n<td style=\"width: 9.61039%;\">35 \u20ac (1,5 H)<\/td>\n<td style=\"width: 59.7403%;\">Kogu auto puhastus tolmuimeja ja suru\u00f5huga, plastikpindade p\u00f5hjalik pesu + plekkide eemaldamine, klaaside pesu.<\/td>\n<\/tr>\n<tr>\n<td style=\"width: 17.6623%;\">Keemiline puhastus<\/td>\n<td style=\"width: 11.5584%;\">al. 75 \u20ac (5,5 H)<\/td>\n<td style=\"width: 9.61039%;\">al. 95 \u20ac (6 H)<\/td>\n<td style=\"width: 59.7403%;\">Istmete, p\u00f5randate, uksepolstrite, riidemattide m\u00e4rgpesu. K\u00f5ikide plastikpindade pesu, klaaside pesu, kuivatamine.<\/td>\n<\/tr>\n<tr>\n<td style=\"width: 17.6623%;\">Nahksisu hooldus<\/td>\n<td style=\"width: 11.5584%;\">30 \u20ac (1,5 H)<\/td>\n<td style=\"width: 9.61039%;\">35 \u20ac (2 H)<\/td>\n<td style=\"width: 59.7403%;\"><\/td>\n<\/tr>\n<tr>\n<td style=\"width: 17.6623%;\"><span style=\"color: #ff7700;\">Lisad<\/span><\/td>\n<td style=\"width: 11.5584%;\"><\/td>\n<td style=\"width: 9.61039%;\"><\/td>\n<td style=\"width: 59.7403%;\"><\/td>\n<\/tr>\n<tr>\n<td style=\"width: 17.6623%;\">Klaaside puhastus seest<\/td>\n<td style=\"width: 11.5584%;\">5 \u20ac<\/td>\n<td style=\"width: 9.61039%;\">7 \u20ac<\/td>\n<td style=\"width: 59.7403%;\"><\/td>\n<\/tr>\n<tr>\n<td style=\"width: 17.6623%;\">Armatuurlaua puhastus<\/td>\n<td style=\"width: 11.5584%;\">5 \u20ac<\/td>\n<td style=\"width: 9.61039%;\">7 \u20ac<\/td>\n<td style=\"width: 59.7403%;\"><\/td>\n<\/tr>\n<tr>\n<td style=\"width: 17.6623%;\">P\u00f5randa+mattide kuivpuhastus<\/td>\n<td style=\"width: 11.5584%;\">7 \u20ac<\/td>\n<td style=\"width: 9.61039%;\">9 \u20ac<\/td>\n<td style=\"width: 59.7403%;\"><\/td>\n<\/tr>\n<tr>\n<td style=\"width: 17.6623%;\">Pagasiruumi kuivpuhastus<\/td>\n<td style=\"width: 11.5584%;\">5 \u20ac<\/td>\n<td style=\"width: 9.61039%;\">6 \u20ac<\/td>\n<td style=\"width: 59.7403%;\"><\/td>\n<\/tr>\n<tr>\n<td style=\"width: 17.6623%;\">Uksevahede ja mattide pesu<\/td>\n<td style=\"width: 11.5584%;\">6 \u20ac<\/td>\n<td style=\"width: 9.61039%;\">8 \u20ac<\/td>\n<td style=\"width: 59.7403%;\"><\/td>\n<\/tr>\n<\/tbody>\n<\/table>\n<\/div>\n<div class=\"table-responsive\"><\/div>\n","protected":false},"excerpt":{"rendered":"<p>Internal cleaning Interior and exterior cleaning is a [&hellip;]<\/p>\n","protected":false},"author":1,"featured_media":0,"parent":0,"menu_order":0,"comment_status":"closed","ping_status":"closed","template":"children.php","meta":[],"acf":[],"yoast_head":"<!-- This site is optimized with the Yoast SEO plugin v20.11 - https:\/\/yoast.com\/wordpress\/plugins\/seo\/ -->\n<title>Internal cleaning - Baltic Car Rehvid<\/title>\n<meta name=\"description\" content=\"Internal cleaning - and exterior cleaning is a basic treatment that can be completed with various more specific treatments. We have a solution!\" \/>\n<meta name=\"robots\" content=\"index, follow, max-snippet:-1, max-image-preview:large, max-video-preview:-1\" \/>\n<link rel=\"canonical\" href=\"https:\/\/www.balticcar.ee\/autopesula\/eng\/internal-cleaning\/\" \/>\n<meta property=\"og:locale\" content=\"en_US\" \/>\n<meta property=\"og:type\" content=\"article\" \/>\n<meta property=\"og:title\" content=\"Internal cleaning - Baltic Car Rehvid\" \/>\n<meta property=\"og:description\" content=\"Internal cleaning - and exterior cleaning is a basic treatment that can be completed with various more specific treatments. We have a solution!\" \/>\n<meta property=\"og:url\" content=\"https:\/\/www.balticcar.ee\/autopesula\/eng\/internal-cleaning\/\" \/>\n<meta property=\"og:site_name\" content=\"Baltic Car Rehvid\" \/>\n<meta property=\"article:modified_time\" content=\"2020-01-25T18:08:54+00:00\" \/>\n<meta name=\"twitter:card\" content=\"summary_large_image\" \/>\n<meta name=\"twitter:label1\" content=\"Est. reading time\" \/>\n\t<meta name=\"twitter:data1\" content=\"2 minutes\" \/>\n<script type=\"application\/ld+json\" class=\"yoast-schema-graph\">{\"@context\":\"https:\/\/schema.org\",\"@graph\":[{\"@type\":\"WebPage\",\"@id\":\"https:\/\/www.balticcar.ee\/autopesula\/eng\/internal-cleaning\/\",\"url\":\"https:\/\/www.balticcar.ee\/autopesula\/eng\/internal-cleaning\/\",\"name\":\"Internal cleaning - Baltic Car Rehvid\",\"isPartOf\":{\"@id\":\"https:\/\/www.balticcar.ee\/autopesula\/#website\"},\"datePublished\":\"2017-02-13T14:54:21+00:00\",\"dateModified\":\"2020-01-25T18:08:54+00:00\",\"description\":\"Internal cleaning - and exterior cleaning is a basic treatment that can be completed with various more specific treatments. We have a solution!\",\"breadcrumb\":{\"@id\":\"https:\/\/www.balticcar.ee\/autopesula\/eng\/internal-cleaning\/#breadcrumb\"},\"inLanguage\":\"en-US\",\"potentialAction\":[{\"@type\":\"ReadAction\",\"target\":[\"https:\/\/www.balticcar.ee\/autopesula\/eng\/internal-cleaning\/\"]}]},{\"@type\":\"BreadcrumbList\",\"@id\":\"https:\/\/www.balticcar.ee\/autopesula\/eng\/internal-cleaning\/#breadcrumb\",\"itemListElement\":[{\"@type\":\"ListItem\",\"position\":1,\"name\":\"Home\",\"item\":\"https:\/\/www.balticcar.ee\/autopesula\/\"},{\"@type\":\"ListItem\",\"position\":2,\"name\":\"Internal cleaning\"}]},{\"@type\":\"WebSite\",\"@id\":\"https:\/\/www.balticcar.ee\/autopesula\/#website\",\"url\":\"https:\/\/www.balticcar.ee\/autopesula\/\",\"name\":\"Baltic Car Rehvid\",\"description\":\"Rehvid &amp; Rehvivahetus\",\"potentialAction\":[{\"@type\":\"SearchAction\",\"target\":{\"@type\":\"EntryPoint\",\"urlTemplate\":\"https:\/\/www.balticcar.ee\/autopesula\/?s={search_term_string}\"},\"query-input\":\"required name=search_term_string\"}],\"inLanguage\":\"en-US\"}]}<\/script>\n<!-- \/ Yoast SEO plugin. -->","yoast_head_json":{"title":"Internal cleaning - Baltic Car Rehvid","description":"Internal cleaning - and exterior cleaning is a basic treatment that can be completed with various more specific treatments. We have a solution!","robots":{"index":"index","follow":"follow","max-snippet":"max-snippet:-1","max-image-preview":"max-image-preview:large","max-video-preview":"max-video-preview:-1"},"canonical":"https:\/\/www.balticcar.ee\/autopesula\/eng\/internal-cleaning\/","og_locale":"en_US","og_type":"article","og_title":"Internal cleaning - Baltic Car Rehvid","og_description":"Internal cleaning - and exterior cleaning is a basic treatment that can be completed with various more specific treatments. We have a solution!","og_url":"https:\/\/www.balticcar.ee\/autopesula\/eng\/internal-cleaning\/","og_site_name":"Baltic Car Rehvid","article_modified_time":"2020-01-25T18:08:54+00:00","twitter_card":"summary_large_image","twitter_misc":{"Est. reading time":"2 minutes"},"schema":{"@context":"https:\/\/schema.org","@graph":[{"@type":"WebPage","@id":"https:\/\/www.balticcar.ee\/autopesula\/eng\/internal-cleaning\/","url":"https:\/\/www.balticcar.ee\/autopesula\/eng\/internal-cleaning\/","name":"Internal cleaning - Baltic Car Rehvid","isPartOf":{"@id":"https:\/\/www.balticcar.ee\/autopesula\/#website"},"datePublished":"2017-02-13T14:54:21+00:00","dateModified":"2020-01-25T18:08:54+00:00","description":"Internal cleaning - and exterior cleaning is a basic treatment that can be completed with various more specific treatments. We have a solution!","breadcrumb":{"@id":"https:\/\/www.balticcar.ee\/autopesula\/eng\/internal-cleaning\/#breadcrumb"},"inLanguage":"en-US","potentialAction":[{"@type":"ReadAction","target":["https:\/\/www.balticcar.ee\/autopesula\/eng\/internal-cleaning\/"]}]},{"@type":"BreadcrumbList","@id":"https:\/\/www.balticcar.ee\/autopesula\/eng\/internal-cleaning\/#breadcrumb","itemListElement":[{"@type":"ListItem","position":1,"name":"Home","item":"https:\/\/www.balticcar.ee\/autopesula\/"},{"@type":"ListItem","position":2,"name":"Internal cleaning"}]},{"@type":"WebSite","@id":"https:\/\/www.balticcar.ee\/autopesula\/#website","url":"https:\/\/www.balticcar.ee\/autopesula\/","name":"Baltic Car Rehvid","description":"Rehvid &amp; Rehvivahetus","potentialAction":[{"@type":"SearchAction","target":{"@type":"EntryPoint","urlTemplate":"https:\/\/www.balticcar.ee\/autopesula\/?s={search_term_string}"},"query-input":"required name=search_term_string"}],"inLanguage":"en-US"}]}},"_links":{"self":[{"href":"https:\/\/www.balticcar.ee\/autopesula\/wp-json\/wp\/v2\/pages\/357"}],"collection":[{"href":"https:\/\/www.balticcar.ee\/autopesula\/wp-json\/wp\/v2\/pages"}],"about":[{"href":"https:\/\/www.balticcar.ee\/autopesula\/wp-json\/wp\/v2\/types\/page"}],"author":[{"embeddable":true,"href":"https:\/\/www.balticcar.ee\/autopesula\/wp-json\/wp\/v2\/users\/1"}],"replies":[{"embeddable":true,"href":"https:\/\/www.balticcar.ee\/autopesula\/wp-json\/wp\/v2\/comments?post=357"}],"version-history":[{"count":0,"href":"https:\/\/www.balticcar.ee\/autopesula\/wp-json\/wp\/v2\/pages\/357\/revisions"}],"wp:attachment":[{"href":"https:\/\/www.balticcar.ee\/autopesula\/wp-json\/wp\/v2\/media?parent=357"}],"curies":[{"name":"wp","href":"https:\/\/api.w.org\/{rel}","templated":true}]}}