{"id":234,"date":"2017-02-08T10:14:04","date_gmt":"2017-02-08T10:14:04","guid":{"rendered":"http:\/\/www.balticcar.ee\/autopesula\/?page_id=234"},"modified":"2017-03-26T21:52:03","modified_gmt":"2017-03-26T21:52:03","slug":"keemiline-puhastus","status":"publish","type":"page","link":"https:\/\/www.balticcar.ee\/autopesula\/sisepuhastus\/keemiline-puhastus\/","title":{"rendered":"Keemiline puhastus"},"content":{"rendered":"<p>Kevadhooaja alguses tuleks autole teha p\u00f5hjalikum suurpuhastus ning vajadusel tellida ka kvaliteetne salongi keemiline puhastus. Millal see on vajalik?<\/p>\n<p>Ajaga koguneb auto salongi palju sellist tolmu ja mustust, mis tungivad istmekatete pooridesse. Inimese rasu ummistab v\u00e4ikeseid avasid ja ladestub eri l\u00fclititele ning tekstiili, kui \u00f5igel ajal on j\u00e4\u00e4nud istmekatetelt eemaldamata higiplekid ja\/v\u00f5i joogi- ja toiduplekid jms. K\u00f5ige enam kannatab salongi p\u00f5rand, kuhu koguneb k\u00f5ikv\u00f5imalik jalan\u00f5udega sisse toodu. Lisaks v\u00f5ivad kogunenud\u00a0 tolmuosakesed ja mustus tekitada inimestele allergiat v\u00f5i seda s\u00fcvendada.<\/p>\n<p>Taolist s\u00f6\u00f6binud mustust ei saa tavap\u00e4rase salongi sisepuhastuse k\u00e4igus eemaldatud. Vaja on teostada eri pindade s\u00fcgavpuhastust. Salongi keemilise puhastuse korral valime vastavalt materjalile (kangas, veluur, nahk, plast, kumm) ja t\u00f6\u00f6tleme auto salongi etten\u00e4htud puhastusvahenditega.<\/p>\n<p>Keemilise puhastuse etapid:<\/p>\n<p>\u2022\u00a0Esiteks eemaldatakse kuivalt lahtine mustus, millega eemaldatakse istmetest, vaipadest, uksepaneelidest, liitekohtadest ja mujalt tolm, puru, tubakatuhk ning muu mustus.<\/p>\n<p>\u2022\u00a0Teiseks tehakse mustuse lahtileotamiseks eelniisutus ja t\u00f6\u00f6deldakse pindasid keemiliste ainetega. Iga materjali jaoks kasutatakse spetsiaalset puhastusvahendit, mis on ette n\u00e4htud just vastavale materjalile. \u00dcksikud raskesti eemaldatavad plekid eemaldatakse eraldi, kasutades tugevama toimega preparaate.<\/p>\n<p>\u2022\u00a0Puhastamisele j\u00e4rgneb salongi hoolikas t\u00f6\u00f6tlemine m\u00e4rgtolmuimejaga ja kuivatamine. Seej\u00e4rel v\u00f5iks auto saada veel kuivamist v\u00f5imalusel 12h.<\/p>\n<p style=\"text-align: center;\">&#8211; \u00a0Keemiline puhastus \u00a0&#8211;<\/p>\n","protected":false},"excerpt":{"rendered":"<p>Kevadhooaja alguses tuleks autole teha p\u00f5hjalikum suurpuhastus ning [&hellip;]<\/p>\n","protected":false},"author":1,"featured_media":229,"parent":222,"menu_order":0,"comment_status":"closed","ping_status":"closed","template":"","meta":[],"acf":[],"yoast_head":"<!-- This site is optimized with the Yoast SEO plugin v20.11 - https:\/\/yoast.com\/wordpress\/plugins\/seo\/ -->\n<title>Keemiline puhastus - Baltic Car Rehvid<\/title>\n<meta name=\"description\" content=\"Kevadhooaja alguses tuleks autole teha p\u00f5hjalikum suurpuhastus ning vajadusel tellida ka kvaliteetne salongi keemiline puhastus. Millal see on vajalik? Aja.\" \/>\n<meta name=\"robots\" content=\"index, follow, max-snippet:-1, max-image-preview:large, max-video-preview:-1\" \/>\n<link rel=\"canonical\" href=\"https:\/\/www.balticcar.ee\/autopesula\/sisepuhastus\/keemiline-puhastus\/\" \/>\n<meta property=\"og:locale\" content=\"en_US\" \/>\n<meta property=\"og:type\" content=\"article\" \/>\n<meta property=\"og:title\" content=\"Keemiline puhastus - Baltic Car Rehvid\" \/>\n<meta property=\"og:description\" content=\"Kevadhooaja alguses tuleks autole teha p\u00f5hjalikum suurpuhastus ning vajadusel tellida ka kvaliteetne salongi keemiline puhastus. Millal see on vajalik? Aja.\" \/>\n<meta property=\"og:url\" content=\"https:\/\/www.balticcar.ee\/autopesula\/sisepuhastus\/keemiline-puhastus\/\" \/>\n<meta property=\"og:site_name\" content=\"Baltic Car Rehvid\" \/>\n<meta property=\"article:modified_time\" content=\"2017-03-26T21:52:03+00:00\" \/>\n<meta property=\"og:image\" content=\"https:\/\/www.balticcar.ee\/autopesula\/wp-content\/uploads\/2017\/02\/1492.jpg\" \/>\n\t<meta property=\"og:image:width\" content=\"1024\" \/>\n\t<meta property=\"og:image:height\" content=\"683\" \/>\n\t<meta property=\"og:image:type\" content=\"image\/jpeg\" \/>\n<meta name=\"twitter:card\" content=\"summary_large_image\" \/>\n<meta name=\"twitter:label1\" content=\"Est. reading time\" \/>\n\t<meta name=\"twitter:data1\" content=\"1 minute\" \/>\n<script type=\"application\/ld+json\" class=\"yoast-schema-graph\">{\"@context\":\"https:\/\/schema.org\",\"@graph\":[{\"@type\":\"WebPage\",\"@id\":\"https:\/\/www.balticcar.ee\/autopesula\/sisepuhastus\/keemiline-puhastus\/\",\"url\":\"https:\/\/www.balticcar.ee\/autopesula\/sisepuhastus\/keemiline-puhastus\/\",\"name\":\"Keemiline puhastus - Baltic Car Rehvid\",\"isPartOf\":{\"@id\":\"https:\/\/www.balticcar.ee\/autopesula\/#website\"},\"datePublished\":\"2017-02-08T10:14:04+00:00\",\"dateModified\":\"2017-03-26T21:52:03+00:00\",\"description\":\"Kevadhooaja alguses tuleks autole teha p\u00f5hjalikum suurpuhastus ning vajadusel tellida ka kvaliteetne salongi keemiline puhastus. Millal see on vajalik? Aja.\",\"breadcrumb\":{\"@id\":\"https:\/\/www.balticcar.ee\/autopesula\/sisepuhastus\/keemiline-puhastus\/#breadcrumb\"},\"inLanguage\":\"en-US\",\"potentialAction\":[{\"@type\":\"ReadAction\",\"target\":[\"https:\/\/www.balticcar.ee\/autopesula\/sisepuhastus\/keemiline-puhastus\/\"]}]},{\"@type\":\"BreadcrumbList\",\"@id\":\"https:\/\/www.balticcar.ee\/autopesula\/sisepuhastus\/keemiline-puhastus\/#breadcrumb\",\"itemListElement\":[{\"@type\":\"ListItem\",\"position\":1,\"name\":\"Home\",\"item\":\"https:\/\/www.balticcar.ee\/autopesula\/\"},{\"@type\":\"ListItem\",\"position\":2,\"name\":\"Sisepuhastus\",\"item\":\"https:\/\/www.balticcar.ee\/autopesula\/sisepuhastus\/\"},{\"@type\":\"ListItem\",\"position\":3,\"name\":\"Keemiline puhastus\"}]},{\"@type\":\"WebSite\",\"@id\":\"https:\/\/www.balticcar.ee\/autopesula\/#website\",\"url\":\"https:\/\/www.balticcar.ee\/autopesula\/\",\"name\":\"Baltic Car Rehvid\",\"description\":\"Rehvid &amp; Rehvivahetus\",\"potentialAction\":[{\"@type\":\"SearchAction\",\"target\":{\"@type\":\"EntryPoint\",\"urlTemplate\":\"https:\/\/www.balticcar.ee\/autopesula\/?s={search_term_string}\"},\"query-input\":\"required name=search_term_string\"}],\"inLanguage\":\"en-US\"}]}<\/script>\n<!-- \/ Yoast SEO plugin. -->","yoast_head_json":{"title":"Keemiline puhastus - Baltic Car Rehvid","description":"Kevadhooaja alguses tuleks autole teha p\u00f5hjalikum suurpuhastus ning vajadusel tellida ka kvaliteetne salongi keemiline puhastus. Millal see on vajalik? Aja.","robots":{"index":"index","follow":"follow","max-snippet":"max-snippet:-1","max-image-preview":"max-image-preview:large","max-video-preview":"max-video-preview:-1"},"canonical":"https:\/\/www.balticcar.ee\/autopesula\/sisepuhastus\/keemiline-puhastus\/","og_locale":"en_US","og_type":"article","og_title":"Keemiline puhastus - Baltic Car Rehvid","og_description":"Kevadhooaja alguses tuleks autole teha p\u00f5hjalikum suurpuhastus ning vajadusel tellida ka kvaliteetne salongi keemiline puhastus. Millal see on vajalik? Aja.","og_url":"https:\/\/www.balticcar.ee\/autopesula\/sisepuhastus\/keemiline-puhastus\/","og_site_name":"Baltic Car Rehvid","article_modified_time":"2017-03-26T21:52:03+00:00","og_image":[{"width":1024,"height":683,"url":"https:\/\/www.balticcar.ee\/autopesula\/wp-content\/uploads\/2017\/02\/1492.jpg","type":"image\/jpeg"}],"twitter_card":"summary_large_image","twitter_misc":{"Est. reading time":"1 minute"},"schema":{"@context":"https:\/\/schema.org","@graph":[{"@type":"WebPage","@id":"https:\/\/www.balticcar.ee\/autopesula\/sisepuhastus\/keemiline-puhastus\/","url":"https:\/\/www.balticcar.ee\/autopesula\/sisepuhastus\/keemiline-puhastus\/","name":"Keemiline puhastus - Baltic Car Rehvid","isPartOf":{"@id":"https:\/\/www.balticcar.ee\/autopesula\/#website"},"datePublished":"2017-02-08T10:14:04+00:00","dateModified":"2017-03-26T21:52:03+00:00","description":"Kevadhooaja alguses tuleks autole teha p\u00f5hjalikum suurpuhastus ning vajadusel tellida ka kvaliteetne salongi keemiline puhastus. Millal see on vajalik? Aja.","breadcrumb":{"@id":"https:\/\/www.balticcar.ee\/autopesula\/sisepuhastus\/keemiline-puhastus\/#breadcrumb"},"inLanguage":"en-US","potentialAction":[{"@type":"ReadAction","target":["https:\/\/www.balticcar.ee\/autopesula\/sisepuhastus\/keemiline-puhastus\/"]}]},{"@type":"BreadcrumbList","@id":"https:\/\/www.balticcar.ee\/autopesula\/sisepuhastus\/keemiline-puhastus\/#breadcrumb","itemListElement":[{"@type":"ListItem","position":1,"name":"Home","item":"https:\/\/www.balticcar.ee\/autopesula\/"},{"@type":"ListItem","position":2,"name":"Sisepuhastus","item":"https:\/\/www.balticcar.ee\/autopesula\/sisepuhastus\/"},{"@type":"ListItem","position":3,"name":"Keemiline puhastus"}]},{"@type":"WebSite","@id":"https:\/\/www.balticcar.ee\/autopesula\/#website","url":"https:\/\/www.balticcar.ee\/autopesula\/","name":"Baltic Car Rehvid","description":"Rehvid &amp; Rehvivahetus","potentialAction":[{"@type":"SearchAction","target":{"@type":"EntryPoint","urlTemplate":"https:\/\/www.balticcar.ee\/autopesula\/?s={search_term_string}"},"query-input":"required name=search_term_string"}],"inLanguage":"en-US"}]}},"_links":{"self":[{"href":"https:\/\/www.balticcar.ee\/autopesula\/wp-json\/wp\/v2\/pages\/234"}],"collection":[{"href":"https:\/\/www.balticcar.ee\/autopesula\/wp-json\/wp\/v2\/pages"}],"about":[{"href":"https:\/\/www.balticcar.ee\/autopesula\/wp-json\/wp\/v2\/types\/page"}],"author":[{"embeddable":true,"href":"https:\/\/www.balticcar.ee\/autopesula\/wp-json\/wp\/v2\/users\/1"}],"replies":[{"embeddable":true,"href":"https:\/\/www.balticcar.ee\/autopesula\/wp-json\/wp\/v2\/comments?post=234"}],"version-history":[{"count":0,"href":"https:\/\/www.balticcar.ee\/autopesula\/wp-json\/wp\/v2\/pages\/234\/revisions"}],"up":[{"embeddable":true,"href":"https:\/\/www.balticcar.ee\/autopesula\/wp-json\/wp\/v2\/pages\/222"}],"wp:featuredmedia":[{"embeddable":true,"href":"https:\/\/www.balticcar.ee\/autopesula\/wp-json\/wp\/v2\/media\/229"}],"wp:attachment":[{"href":"https:\/\/www.balticcar.ee\/autopesula\/wp-json\/wp\/v2\/media?parent=234"}],"curies":[{"name":"wp","href":"https:\/\/api.w.org\/{rel}","templated":true}]}}