{"id":232,"date":"2017-02-08T10:13:06","date_gmt":"2017-02-08T10:13:06","guid":{"rendered":"http:\/\/www.balticcar.ee\/autopesula\/?page_id=232"},"modified":"2018-12-04T22:36:32","modified_gmt":"2018-12-04T22:36:32","slug":"vahatamine","status":"publish","type":"page","link":"https:\/\/www.balticcar.ee\/autopesula\/valipesu-kasipesula-pirital\/vahatamine\/","title":{"rendered":"Vahatamine"},"content":{"rendered":"<h3 style=\"text-align: right;\"><span style=\"color: #3366ff;\"><strong><em>Vahatamine<\/em><\/strong><\/span><\/h3>\n<p>Auto regulaarne pesemine ja vahatamine kaitseb auto kere v\u00e4rvi pikka aega. Seet\u00f5ttu soovitame s\u00f5idukit pesta v\u00f5imalikult sageli ning ka vahatada v\u00e4hemalt kaks korda aastas.<\/p>\n<p>Eelnevalt tuleb autol alati eemaldada asfaldist tekkiv pigi. Selleks peab kasutama spetsiaalseid pigieemalduse aineid.<\/p>\n<p>Baltic Car k\u00e4sipesulas kasutame autode pesemisel ja hooldusel maailma juhtivtootjate autokeemiat.<\/p>\n<p>Auto kerepind ehk v\u00e4rvkate vajab k\u00f5ige rohkem vahatamist just kevadel ja s\u00fcgisel. Putukate ja lindude tekitatud j\u00e4\u00e4gid, pigi ning teedelt auto k\u00fclge j\u00e4\u00e4nud sool on p\u00f5hilised, mis s\u00f5iduki v\u00e4rvkattele v\u00e4ga halvasti m\u00f5juvad.<\/p>\n<p>Kui s\u00f5idukilt on p\u00f5hjalikult eemaldatud pigi ja putukate j\u00e4\u00e4gid, puhastatud uksevahed ning spetsiaalse vahendiga puhastatud ka veljed, saame auto korralikult \u00e4ra kuivatada.<\/p>\n<p>Kiirvaha v\u00f5i p\u00fcsivaha?<\/p>\n<p>Kiirvahaga katmine v\u00f5tab v\u00e4hem aega, kuid ka m\u00f5ju on l\u00fchiajalisem. Siiski annab see juba tuhmuma hakanud v\u00e4rvile m\u00f5neks ajaks uue v\u00e4limuse ja annab ka kergelt vett h\u00fclgava efekti.<\/p>\n<p>P\u00fcsivahaga katmisel on teie auto v\u00e4rvkate pikema ajaliselt kaitstud, mustus ei haaku pinna k\u00fclge, sest v\u00e4rvkattele tekib p\u00fcsivahast kaitsekiht, mis t\u00e4idab ka v\u00e4rvile v\u00f5i lakile tekkinud mikropraod. Samuti s\u00e4\u00e4stab p\u00fcsivaha auto v\u00e4rvi pleekimist ilmastiku- ja keskonnam\u00f5jude eest. Regulaarse vahatamise korral n\u00e4eb\u00a0teie auto v\u00e4rvitoon ka paljude aastate j\u00e4rel originaali l\u00e4hedane.<\/p>\n<p>Meie suuremateks autokeemia partneriteks on:<\/p>\n<p>&nbsp;<\/p>\n<p><span style=\"color: #333333;\">\u00a0<strong>Presta \u00a0\u00a0<\/strong> \u00a0 \u00a0 \u00a0 \u00a0 \u00a0 \u00a0 \u00a0 \u00a0 \u00a0 \u00a0 \u00a0 \u00a0 \u00a0 \u00a0 \u00a0 \u00a0 \u00a0 \u00a0 \u00a0 \u00a0 \u00a0 \u00a0 \u00a0 \u00a0 \u00a0 \u00a0 \u00a0 \u00a0 \u00a0 \u00a0 \u00a0 \u00a0 \u00a0 \u00a0 \u00a0 \u00a0 \u00a0 \u00a0 \u00a0 \u00a0 \u00a0<\/span>\u00a0 \u00a0 \u00a0 \u00a0 \u00a0 \u00a0 \u00a0 \u00a0 \u00a0 \u00a0 \u00a0\u00a0<span style=\"color: #000000;\">MA*FRA\u00a0<\/span><\/p>\n<table width=\"649\">\n<tbody>\n<tr>\n<td width=\"245\">\u00a0<img decoding=\"async\" loading=\"lazy\" class=\"size-full wp-image-267\" src=\"https:\/\/www.balticcar.ee\/autopesula\/wp-content\/uploads\/2017\/02\/Presta-hooldusained.jpg\" alt=\"Presta hooldusained\" width=\"224\" height=\"145\" \/><\/td>\n<td width=\"131\"><\/td>\n<td width=\"273\">\u00a0<img decoding=\"async\" loading=\"lazy\" class=\"size-medium wp-image-260\" src=\"https:\/\/www.balticcar.ee\/autopesula\/wp-content\/uploads\/2017\/02\/MaFra-hooldusained-300x102.jpg\" alt=\"Ma'Fra hooldusained\" width=\"280\" height=\"102\" \/><\/td>\n<\/tr>\n<\/tbody>\n<\/table>\n<p>&nbsp;<\/p>\n<p>Ootame Teid!<\/p>\n<p style=\"text-align: right;\"><span style=\"font-size: 12pt;\"><a href=\"https:\/\/www.balticcar.ee\/autopesula\/est\/autofresh\/\">Loe lisaks:<\/a><\/span><\/p>\n","protected":false},"excerpt":{"rendered":"<p>Vahatamine Auto regulaarne pesemine ja vahatamine kaitseb auto [&hellip;]<\/p>\n","protected":false},"author":1,"featured_media":230,"parent":220,"menu_order":0,"comment_status":"closed","ping_status":"closed","template":"","meta":[],"acf":[],"yoast_head":"<!-- This site is optimized with the Yoast SEO plugin v20.11 - https:\/\/yoast.com\/wordpress\/plugins\/seo\/ -->\n<title>Vahatamine - Baltic Car Rehvid<\/title>\n<meta name=\"description\" content=\"Vahatamine - Auto regulaarne pesemine ja vahatamine kaitseb auto kere v\u00e4rvi pikka aega. Seet\u00f5ttu soovitame s\u00f5idukit pesta v\u00f5imalikult...Auto v\u00e4rvkate vajab\" \/>\n<meta name=\"robots\" content=\"index, follow, max-snippet:-1, max-image-preview:large, max-video-preview:-1\" \/>\n<link rel=\"canonical\" href=\"https:\/\/www.balticcar.ee\/autopesula\/valipesu-kasipesula-pirital\/vahatamine\/\" \/>\n<meta property=\"og:locale\" content=\"en_US\" \/>\n<meta property=\"og:type\" content=\"article\" \/>\n<meta property=\"og:title\" content=\"Vahatamine - Baltic Car Rehvid\" \/>\n<meta property=\"og:description\" content=\"Vahatamine - Auto regulaarne pesemine ja vahatamine kaitseb auto kere v\u00e4rvi pikka aega. Seet\u00f5ttu soovitame s\u00f5idukit pesta v\u00f5imalikult...Auto v\u00e4rvkate vajab\" \/>\n<meta property=\"og:url\" content=\"https:\/\/www.balticcar.ee\/autopesula\/valipesu-kasipesula-pirital\/vahatamine\/\" \/>\n<meta property=\"og:site_name\" content=\"Baltic Car Rehvid\" \/>\n<meta property=\"article:modified_time\" content=\"2018-12-04T22:36:32+00:00\" \/>\n<meta property=\"og:image\" content=\"https:\/\/www.balticcar.ee\/autopesula\/wp-content\/uploads\/2017\/02\/OBBPSU0.jpg\" \/>\n\t<meta property=\"og:image:width\" content=\"1024\" \/>\n\t<meta property=\"og:image:height\" content=\"683\" \/>\n\t<meta property=\"og:image:type\" content=\"image\/jpeg\" \/>\n<meta name=\"twitter:card\" content=\"summary_large_image\" \/>\n<meta name=\"twitter:label1\" content=\"Est. reading time\" \/>\n\t<meta name=\"twitter:data1\" content=\"1 minute\" \/>\n<script type=\"application\/ld+json\" class=\"yoast-schema-graph\">{\"@context\":\"https:\/\/schema.org\",\"@graph\":[{\"@type\":\"WebPage\",\"@id\":\"https:\/\/www.balticcar.ee\/autopesula\/valipesu-kasipesula-pirital\/vahatamine\/\",\"url\":\"https:\/\/www.balticcar.ee\/autopesula\/valipesu-kasipesula-pirital\/vahatamine\/\",\"name\":\"Vahatamine - Baltic Car Rehvid\",\"isPartOf\":{\"@id\":\"https:\/\/www.balticcar.ee\/autopesula\/#website\"},\"datePublished\":\"2017-02-08T10:13:06+00:00\",\"dateModified\":\"2018-12-04T22:36:32+00:00\",\"description\":\"Vahatamine - Auto regulaarne pesemine ja vahatamine kaitseb auto kere v\u00e4rvi pikka aega. Seet\u00f5ttu soovitame s\u00f5idukit pesta v\u00f5imalikult...Auto v\u00e4rvkate vajab\",\"breadcrumb\":{\"@id\":\"https:\/\/www.balticcar.ee\/autopesula\/valipesu-kasipesula-pirital\/vahatamine\/#breadcrumb\"},\"inLanguage\":\"en-US\",\"potentialAction\":[{\"@type\":\"ReadAction\",\"target\":[\"https:\/\/www.balticcar.ee\/autopesula\/valipesu-kasipesula-pirital\/vahatamine\/\"]}]},{\"@type\":\"BreadcrumbList\",\"@id\":\"https:\/\/www.balticcar.ee\/autopesula\/valipesu-kasipesula-pirital\/vahatamine\/#breadcrumb\",\"itemListElement\":[{\"@type\":\"ListItem\",\"position\":1,\"name\":\"Home\",\"item\":\"https:\/\/www.balticcar.ee\/autopesula\/\"},{\"@type\":\"ListItem\",\"position\":2,\"name\":\"K\u00e4sipesula Pirital\",\"item\":\"https:\/\/www.balticcar.ee\/autopesula\/valipesu-kasipesula-pirital\/\"},{\"@type\":\"ListItem\",\"position\":3,\"name\":\"Vahatamine\"}]},{\"@type\":\"WebSite\",\"@id\":\"https:\/\/www.balticcar.ee\/autopesula\/#website\",\"url\":\"https:\/\/www.balticcar.ee\/autopesula\/\",\"name\":\"Baltic Car Rehvid\",\"description\":\"Rehvid &amp; Rehvivahetus\",\"potentialAction\":[{\"@type\":\"SearchAction\",\"target\":{\"@type\":\"EntryPoint\",\"urlTemplate\":\"https:\/\/www.balticcar.ee\/autopesula\/?s={search_term_string}\"},\"query-input\":\"required name=search_term_string\"}],\"inLanguage\":\"en-US\"}]}<\/script>\n<!-- \/ Yoast SEO plugin. -->","yoast_head_json":{"title":"Vahatamine - Baltic Car Rehvid","description":"Vahatamine - Auto regulaarne pesemine ja vahatamine kaitseb auto kere v\u00e4rvi pikka aega. Seet\u00f5ttu soovitame s\u00f5idukit pesta v\u00f5imalikult...Auto v\u00e4rvkate vajab","robots":{"index":"index","follow":"follow","max-snippet":"max-snippet:-1","max-image-preview":"max-image-preview:large","max-video-preview":"max-video-preview:-1"},"canonical":"https:\/\/www.balticcar.ee\/autopesula\/valipesu-kasipesula-pirital\/vahatamine\/","og_locale":"en_US","og_type":"article","og_title":"Vahatamine - Baltic Car Rehvid","og_description":"Vahatamine - Auto regulaarne pesemine ja vahatamine kaitseb auto kere v\u00e4rvi pikka aega. Seet\u00f5ttu soovitame s\u00f5idukit pesta v\u00f5imalikult...Auto v\u00e4rvkate vajab","og_url":"https:\/\/www.balticcar.ee\/autopesula\/valipesu-kasipesula-pirital\/vahatamine\/","og_site_name":"Baltic Car Rehvid","article_modified_time":"2018-12-04T22:36:32+00:00","og_image":[{"width":1024,"height":683,"url":"https:\/\/www.balticcar.ee\/autopesula\/wp-content\/uploads\/2017\/02\/OBBPSU0.jpg","type":"image\/jpeg"}],"twitter_card":"summary_large_image","twitter_misc":{"Est. reading time":"1 minute"},"schema":{"@context":"https:\/\/schema.org","@graph":[{"@type":"WebPage","@id":"https:\/\/www.balticcar.ee\/autopesula\/valipesu-kasipesula-pirital\/vahatamine\/","url":"https:\/\/www.balticcar.ee\/autopesula\/valipesu-kasipesula-pirital\/vahatamine\/","name":"Vahatamine - Baltic Car Rehvid","isPartOf":{"@id":"https:\/\/www.balticcar.ee\/autopesula\/#website"},"datePublished":"2017-02-08T10:13:06+00:00","dateModified":"2018-12-04T22:36:32+00:00","description":"Vahatamine - Auto regulaarne pesemine ja vahatamine kaitseb auto kere v\u00e4rvi pikka aega. Seet\u00f5ttu soovitame s\u00f5idukit pesta v\u00f5imalikult...Auto v\u00e4rvkate vajab","breadcrumb":{"@id":"https:\/\/www.balticcar.ee\/autopesula\/valipesu-kasipesula-pirital\/vahatamine\/#breadcrumb"},"inLanguage":"en-US","potentialAction":[{"@type":"ReadAction","target":["https:\/\/www.balticcar.ee\/autopesula\/valipesu-kasipesula-pirital\/vahatamine\/"]}]},{"@type":"BreadcrumbList","@id":"https:\/\/www.balticcar.ee\/autopesula\/valipesu-kasipesula-pirital\/vahatamine\/#breadcrumb","itemListElement":[{"@type":"ListItem","position":1,"name":"Home","item":"https:\/\/www.balticcar.ee\/autopesula\/"},{"@type":"ListItem","position":2,"name":"K\u00e4sipesula Pirital","item":"https:\/\/www.balticcar.ee\/autopesula\/valipesu-kasipesula-pirital\/"},{"@type":"ListItem","position":3,"name":"Vahatamine"}]},{"@type":"WebSite","@id":"https:\/\/www.balticcar.ee\/autopesula\/#website","url":"https:\/\/www.balticcar.ee\/autopesula\/","name":"Baltic Car Rehvid","description":"Rehvid &amp; Rehvivahetus","potentialAction":[{"@type":"SearchAction","target":{"@type":"EntryPoint","urlTemplate":"https:\/\/www.balticcar.ee\/autopesula\/?s={search_term_string}"},"query-input":"required name=search_term_string"}],"inLanguage":"en-US"}]}},"_links":{"self":[{"href":"https:\/\/www.balticcar.ee\/autopesula\/wp-json\/wp\/v2\/pages\/232"}],"collection":[{"href":"https:\/\/www.balticcar.ee\/autopesula\/wp-json\/wp\/v2\/pages"}],"about":[{"href":"https:\/\/www.balticcar.ee\/autopesula\/wp-json\/wp\/v2\/types\/page"}],"author":[{"embeddable":true,"href":"https:\/\/www.balticcar.ee\/autopesula\/wp-json\/wp\/v2\/users\/1"}],"replies":[{"embeddable":true,"href":"https:\/\/www.balticcar.ee\/autopesula\/wp-json\/wp\/v2\/comments?post=232"}],"version-history":[{"count":0,"href":"https:\/\/www.balticcar.ee\/autopesula\/wp-json\/wp\/v2\/pages\/232\/revisions"}],"up":[{"embeddable":true,"href":"https:\/\/www.balticcar.ee\/autopesula\/wp-json\/wp\/v2\/pages\/220"}],"wp:featuredmedia":[{"embeddable":true,"href":"https:\/\/www.balticcar.ee\/autopesula\/wp-json\/wp\/v2\/media\/230"}],"wp:attachment":[{"href":"https:\/\/www.balticcar.ee\/autopesula\/wp-json\/wp\/v2\/media?parent=232"}],"curies":[{"name":"wp","href":"https:\/\/api.w.org\/{rel}","templated":true}]}}