{"id":1229,"date":"2020-03-10T18:56:10","date_gmt":"2020-03-10T18:56:10","guid":{"rendered":"https:\/\/www.balticcar.ee\/autopesula\/?page_id=1229"},"modified":"2020-11-03T11:29:56","modified_gmt":"2020-11-03T11:29:56","slug":"rehvivahetus-pirital","status":"publish","type":"page","link":"https:\/\/www.balticcar.ee\/autopesula\/rehvivahetus-pirital\/","title":{"rendered":"Rehvivahetus Pirital"},"content":{"rendered":"<p style=\"text-align: right;\"><span style=\"color: #999999;\"><em>&#8211; Rehvivahetus Pirital &#8211;<\/em><\/span><\/p>\n<h2 style=\"text-align: center;\"><strong>\u00a0<\/strong><strong><span style=\"color: #3366ff;\"><em><span style=\"font-size: 14pt; font-family: georgia, palatino, serif;\">Rehvivahetus Pirital<\/span><\/em><\/span><\/strong><\/h2>\n<h3 style=\"text-align: center;\"><strong><span style=\"color: #3366ff;\"><em><span style=\"font-size: 14pt; font-family: georgia, palatino, serif;\">Naastrehvide\u00a0 kasutamine\u00a0 on\u00a0 Eestis\u00a0 lubatud\u00a0 alates\u00a0 15. oktoobrist\u00a0 &#8211;\u00a0 31. m\u00e4rtsini\u00a0 ning\u00a0 kohustuslik\u00a0 alates\u00a0 1.detsembrist kuni 1. m\u00e4rtsini.<\/span><\/em><\/span><\/strong><\/h3>\n<p style=\"text-align: left;\"><span style=\"font-size: 14pt; font-family: georgia, palatino, serif;\"><span style=\"font-size: 14pt;\">Maanteeamet manitseb liikleijaid t\u00e4helepanelikkusele, et juba on esinenud esimesed \u00f6\u00f6k\u00fclmad ja must j\u00e4\u00e4, mille t\u00f5ttu on ka aset leidnud ridamisi plekim\u00f5lkimisi. Must j\u00e4\u00e4 on autojuhtidele ohtlik ilmastikun\u00e4htus. <\/span><\/span><\/p>\n<p style=\"text-align: left;\"><span style=\"font-size: 14pt; font-family: georgia, palatino, serif;\"><span style=\"font-size: 14pt;\">Statistika andmetel p\u00f5hjustab must j\u00e4\u00e4 s\u00f5idukitega \u00f5nnetusi kaks korda rohkem kui lumised teed ja neli korda rohkem kui m\u00e4rg teekate. Autojuht ei pruugi ohtlikku olukorda \u00f5igeaegselt m\u00e4rgata, sest matt j\u00e4\u00e4kirme ei peegeldu teekattelt vastu. <\/span><\/span><\/p>\n<p style=\"text-align: left;\"><span style=\"font-size: 14pt; font-family: georgia, palatino, serif;\"><span style=\"font-size: 14pt;\">Auto termomeeter m\u00f5\u00f5dab temperatuuri maast k\u00f5rgemal ja teepinna miinuskraade see ei n\u00e4ita. Must j\u00e4\u00e4 v\u00f5ib tekkida udu v\u00f5i vihma langemisest teekattele, mille temperatuur on juba alla nulli.<\/span><\/span><\/p>\n<h3 style=\"text-align: left;\"><em><strong><span style=\"font-size: 14pt; font-family: georgia, palatino, serif;\"><span style=\"color: #3366ff;\">Lamellrehvidega, millele on m\u00e4rgitud M+S, MS v\u00f5i M&amp;S t\u00e4histus on lubatud liigelda kogu aasta jooksul. <\/span><\/span><\/strong><\/em><\/h3>\n<h3 style=\"text-align: left;\"><span style=\"font-size: 14pt; font-family: georgia, palatino, serif;\"><a href=\"https:\/\/www.facebook.com\/BalticCar\/\"><img decoding=\"async\" loading=\"lazy\" class=\"alignright wp-image-701 size-medium\" title=\"Rehvivahetus Pirital\" src=\"https:\/\/www.balticcar.ee\/autopesula\/wp-content\/uploads\/2017\/02\/tyres3-300x203.jpg\" alt=\"Rehvivahetus Pirital\" width=\"300\" height=\"203\" srcset=\"https:\/\/www.balticcar.ee\/autopesula\/wp-content\/uploads\/2017\/02\/tyres3-300x203.jpg 300w, https:\/\/www.balticcar.ee\/autopesula\/wp-content\/uploads\/2017\/02\/tyres3.jpg 500w\" sizes=\"(max-width: 300px) 100vw, 300px\" \/><\/a> <\/span><\/h3>\n<p style=\"text-align: left;\"><span style=\"font-size: 14pt; font-family: georgia, palatino, serif;\">Balticcar Rehvivahetus Pirital teostab rehvit\u00f6id s\u00f5iduautodele, maasturitele, kaubikutele ja v\u00e4ikebussidele.<\/span><\/p>\n<p style=\"text-align: left;\"><span style=\"font-size: 14pt; font-family: georgia, palatino, serif;\">Uute rehvide ostu korral v\u00f5tame teie vanad rehvid vastu ja utiliseerime tasuta. Vaata uute suve rehvide pakkumisi siit: <strong><span style=\"color: #3366ff;\"><a style=\"color: #3366ff;\" href=\"https:\/\/www.balticcar.ee\/autopesula\/est\/category\/rehvide-muuk-kvaliteet-rehvid-moistliku-hinnaga\/\">suverehvide m\u00fc\u00fck.<\/a><\/span><\/strong><\/span><\/p>\n<p style=\"text-align: left;\"><span style=\"font-size: 14pt; font-family: georgia, palatino, serif;\">Peale 50 kilomeetri l\u00e4bimist soovitame kontrollida rattamutrite pingutust! \u00a0Rehvi r\u00f5hku tuleks kontrollida korrap\u00e4raselt (iga paari n\u00e4dala j\u00e4rel) v\u00f5i enne pikema reisi ettev\u00f5tmist. T\u00e4psemaks\u00a0reguleerimiseks m\u00f5\u00f5tke ja reguleerige seda K\u00dcLMADEL rehvidel.<\/span><\/p>\n<p style=\"text-align: left;\"><span style=\"font-size: 14pt; font-family: georgia, palatino, serif;\">\u00a0Soovitatav on r\u00f5hku rehvides suurendada vastavalt s\u00f5iduki tootja ettekirjutustele, kui veate tavalisest raskemaid koormaid.<\/span><\/p>\n<p style=\"text-align: left;\"><span style=\"font-size: 14pt; font-family: georgia, palatino, serif;\">Rehvivahetuse hinnakirja vaata siit: <span style=\"color: #3366ff;\"><strong><a style=\"color: #3366ff;\" href=\"https:\/\/www.balticcar.ee\/autopesula\/est\/rehvitood-pirital\/\">rehvivahetus<\/a><\/strong><\/span><\/span><\/p>\n<p style=\"text-align: left;\"><span style=\"font-size: 14pt; font-family: georgia, palatino, serif;\">T\u00f6\u00f6dele ja materjalidele kehtib garantii t\u0161eki alusel. Kasutatud\/asendusrehvide<\/span><span style=\"font-size: 14pt; font-family: georgia, palatino, serif;\">le garantii ei laiene.<\/span><\/p>\n<h3><span style=\"font-size: 14pt; font-family: georgia, palatino, serif;\"> <span style=\"color: #3366ff;\"><strong>Rehvide hoiustamine<\/strong>\u00a0 &#8211;<\/span> \u00a0<\/span><\/h3>\n<p><span style=\"font-size: 14pt; font-family: georgia, palatino, serif;\">Pakume hooajaliselt seisvatele rehvidele hoiustusteenust meie <strong><span style=\"color: #3366ff;\">laos.<\/span><\/strong>\u00a0<\/span><\/p>\n<p style=\"text-align: center;\"><span style=\"font-size: 14pt; font-family: georgia, palatino, serif;\">Balticcar Rehvid on MT\u00dc Eesti Rehviliit liige.<\/span><\/p>\n<h2 style=\"text-align: right;\"><span style=\"color: #b5b5b5;\"><em>&#8211; Rehvivahetus Pirital &#8211;<\/em><\/span><\/h2>\n<hr \/>\n<p style=\"text-align: center;\"><iframe loading=\"lazy\" style=\"border: none; overflow: hidden;\" src=\"https:\/\/www.facebook.com\/plugins\/post.php?href=https%3A%2F%2Fwww.facebook.com%2FBalticCar%2Fposts%2F2770381666619730&amp;show_text=true&amp;width=552&amp;height=532&amp;appId\" width=\"552\" height=\"532\" frameborder=\"0\" scrolling=\"no\"><\/iframe><\/p>\n<p style=\"text-align: center;\">.<\/p>\n<div class=\"views-field views-field-body\">\n<hr \/>\n<h3 class=\"field-content\"><span style=\"text-decoration: underline; font-size: 13pt;\">Maanteeamet kuulutas v\u00e4lja riigihanke Kose-Ardu neljarajalise l\u00f5igu ehituseks.<\/span><\/h3>\n<p><img decoding=\"async\" loading=\"lazy\" class=\"wp-image-571 size-medium alignright\" style=\"text-align: center;\" src=\"https:\/\/www.balticcar.ee\/autopesula\/wp-content\/uploads\/2017\/03\/Kose-Ardu-200x300.jpg\" alt=\"Rehvivahetus Pirital\" width=\"200\" height=\"300\" srcset=\"https:\/\/www.balticcar.ee\/autopesula\/wp-content\/uploads\/2017\/03\/Kose-Ardu-200x300.jpg 200w, https:\/\/www.balticcar.ee\/autopesula\/wp-content\/uploads\/2017\/03\/Kose-Ardu.jpg 320w\" sizes=\"(max-width: 200px) 100vw, 200px\" \/><span style=\"font-size: 2pt; color: #ffffff;\">.<\/span><\/p>\n<p><span style=\"font-size: 12pt;\">Kose\u2013V\u00f5\u00f5bu maanteel saab n\u00fc\u00fcd s\u00f5ita piirkiirusega 120 km\/h. Seda valgel aj<\/span><span style=\"font-size: 12pt;\">al heade teeolude korral. Kose-Ardu vaheline 12 kilomeetri pikkuse l\u00f5ik on \u00fcks osa kogu Kose-M\u00e4o neljarajalisest maanteel\u00f5igust, mis on planeeritud valmima aastaks 2022.<\/span><\/p>\n<p>&nbsp;<\/p>\n<\/div>\n<p><span style=\"font-size: 12pt;\">Maanteeameti peadirektori aset\u00e4itja ehituse ja arengu alal Kaupo Sirk k\u00fcll t\u00f5deb, et Kose-M\u00e4o neljarajalise maantee ehitus on\u00a0<\/span><\/p>\n<p><span style=\"font-size: 12pt;\">mahukas, ent k\u00f5rge tasuvusega ning inimelusid s\u00e4\u00e4stev. \u201eSotsiaalmajanduslikuks tasuvuseks &#8230;<\/span><\/p>\n<div class=\"field-content\" style=\"text-align: right;\"><span style=\"font-size: 12pt;\"><span style=\"color: #3366ff;\"><strong><a style=\"color: #3366ff;\" href=\"https:\/\/www.mnt.ee\/et\/uudised\/maanteeamet-kuulutas-valja-riigihanke-kose-ardu-neljarajalise-loigu-ehituseks\">Loe edasi\u00a0\u21d2<\/a><\/strong><\/span><\/span><\/div>\n<div class=\"field-content\"><\/div>\n<p><!--more--><\/p>\n<h2 style=\"text-align: center;\"><strong><span style=\"color: #3366ff;\"><em>\u00a0<\/em><\/span><\/strong><\/h2>\n<h2 style=\"text-align: center;\"><strong><span style=\"color: #3366ff;\"><em>Sel aastal on soovitav vahetada suverehvid oma autole alla juba hiljemalt 31. m\u00e4rtsil!<\/em><\/span><\/strong><\/h2>\n","protected":false},"excerpt":{"rendered":"<p>&#8211; Rehvivahetus Pirital &#8211; \u00a0Rehvivahetus Pirital Naastrehvide\u00a0 kasutamine\u00a0 [&hellip;]<\/p>\n","protected":false},"author":2,"featured_media":0,"parent":0,"menu_order":0,"comment_status":"closed","ping_status":"closed","template":"","meta":[],"acf":[],"yoast_head":"<!-- This site is optimized with the Yoast SEO plugin v20.11 - https:\/\/yoast.com\/wordpress\/plugins\/seo\/ -->\n<title>Rehvivahetus Pirital - Baltic Car Rehvid<\/title>\n<meta name=\"description\" content=\"Balticcar Rehvivahetus Pirital teostab rehvit\u00f6id s\u00f5iduautodele, maasturitele, kaubikutele ja v\u00e4ikebussidele. Samuti pakume rehvide hoiustamise teenust. K\u00fcsi\" \/>\n<meta name=\"robots\" content=\"index, follow, max-snippet:-1, max-image-preview:large, max-video-preview:-1\" \/>\n<link rel=\"canonical\" href=\"https:\/\/www.balticcar.ee\/autopesula\/rehvivahetus-pirital\/\" \/>\n<meta property=\"og:locale\" content=\"en_US\" \/>\n<meta property=\"og:type\" content=\"article\" \/>\n<meta property=\"og:title\" content=\"Rehvivahetus Pirital - Baltic Car Rehvid\" \/>\n<meta property=\"og:description\" content=\"Balticcar Rehvivahetus Pirital teostab rehvit\u00f6id s\u00f5iduautodele, maasturitele, kaubikutele ja v\u00e4ikebussidele. Samuti pakume rehvide hoiustamise teenust. K\u00fcsi\" \/>\n<meta property=\"og:url\" content=\"https:\/\/www.balticcar.ee\/autopesula\/rehvivahetus-pirital\/\" \/>\n<meta property=\"og:site_name\" content=\"Baltic Car Rehvid\" \/>\n<meta property=\"article:modified_time\" content=\"2020-11-03T11:29:56+00:00\" \/>\n<meta property=\"og:image\" content=\"https:\/\/www.balticcar.ee\/autopesula\/wp-content\/uploads\/2017\/02\/tyres3-300x203.jpg\" \/>\n<meta name=\"twitter:card\" content=\"summary_large_image\" \/>\n<meta name=\"twitter:label1\" content=\"Est. reading time\" \/>\n\t<meta name=\"twitter:data1\" content=\"2 minutes\" \/>\n<script type=\"application\/ld+json\" class=\"yoast-schema-graph\">{\"@context\":\"https:\/\/schema.org\",\"@graph\":[{\"@type\":\"WebPage\",\"@id\":\"https:\/\/www.balticcar.ee\/autopesula\/rehvivahetus-pirital\/\",\"url\":\"https:\/\/www.balticcar.ee\/autopesula\/rehvivahetus-pirital\/\",\"name\":\"Rehvivahetus Pirital - Baltic Car Rehvid\",\"isPartOf\":{\"@id\":\"https:\/\/www.balticcar.ee\/autopesula\/#website\"},\"datePublished\":\"2020-03-10T18:56:10+00:00\",\"dateModified\":\"2020-11-03T11:29:56+00:00\",\"description\":\"Balticcar Rehvivahetus Pirital teostab rehvit\u00f6id s\u00f5iduautodele, maasturitele, kaubikutele ja v\u00e4ikebussidele. Samuti pakume rehvide hoiustamise teenust. K\u00fcsi\",\"breadcrumb\":{\"@id\":\"https:\/\/www.balticcar.ee\/autopesula\/rehvivahetus-pirital\/#breadcrumb\"},\"inLanguage\":\"en-US\",\"potentialAction\":[{\"@type\":\"ReadAction\",\"target\":[\"https:\/\/www.balticcar.ee\/autopesula\/rehvivahetus-pirital\/\"]}]},{\"@type\":\"BreadcrumbList\",\"@id\":\"https:\/\/www.balticcar.ee\/autopesula\/rehvivahetus-pirital\/#breadcrumb\",\"itemListElement\":[{\"@type\":\"ListItem\",\"position\":1,\"name\":\"Home\",\"item\":\"https:\/\/www.balticcar.ee\/autopesula\/\"},{\"@type\":\"ListItem\",\"position\":2,\"name\":\"Rehvivahetus Pirital\"}]},{\"@type\":\"WebSite\",\"@id\":\"https:\/\/www.balticcar.ee\/autopesula\/#website\",\"url\":\"https:\/\/www.balticcar.ee\/autopesula\/\",\"name\":\"Baltic Car Rehvid\",\"description\":\"Rehvid &amp; Rehvivahetus\",\"potentialAction\":[{\"@type\":\"SearchAction\",\"target\":{\"@type\":\"EntryPoint\",\"urlTemplate\":\"https:\/\/www.balticcar.ee\/autopesula\/?s={search_term_string}\"},\"query-input\":\"required name=search_term_string\"}],\"inLanguage\":\"en-US\"}]}<\/script>\n<!-- \/ Yoast SEO plugin. -->","yoast_head_json":{"title":"Rehvivahetus Pirital - Baltic Car Rehvid","description":"Balticcar Rehvivahetus Pirital teostab rehvit\u00f6id s\u00f5iduautodele, maasturitele, kaubikutele ja v\u00e4ikebussidele. Samuti pakume rehvide hoiustamise teenust. K\u00fcsi","robots":{"index":"index","follow":"follow","max-snippet":"max-snippet:-1","max-image-preview":"max-image-preview:large","max-video-preview":"max-video-preview:-1"},"canonical":"https:\/\/www.balticcar.ee\/autopesula\/rehvivahetus-pirital\/","og_locale":"en_US","og_type":"article","og_title":"Rehvivahetus Pirital - Baltic Car Rehvid","og_description":"Balticcar Rehvivahetus Pirital teostab rehvit\u00f6id s\u00f5iduautodele, maasturitele, kaubikutele ja v\u00e4ikebussidele. Samuti pakume rehvide hoiustamise teenust. K\u00fcsi","og_url":"https:\/\/www.balticcar.ee\/autopesula\/rehvivahetus-pirital\/","og_site_name":"Baltic Car Rehvid","article_modified_time":"2020-11-03T11:29:56+00:00","og_image":[{"url":"https:\/\/www.balticcar.ee\/autopesula\/wp-content\/uploads\/2017\/02\/tyres3-300x203.jpg"}],"twitter_card":"summary_large_image","twitter_misc":{"Est. reading time":"2 minutes"},"schema":{"@context":"https:\/\/schema.org","@graph":[{"@type":"WebPage","@id":"https:\/\/www.balticcar.ee\/autopesula\/rehvivahetus-pirital\/","url":"https:\/\/www.balticcar.ee\/autopesula\/rehvivahetus-pirital\/","name":"Rehvivahetus Pirital - Baltic Car Rehvid","isPartOf":{"@id":"https:\/\/www.balticcar.ee\/autopesula\/#website"},"datePublished":"2020-03-10T18:56:10+00:00","dateModified":"2020-11-03T11:29:56+00:00","description":"Balticcar Rehvivahetus Pirital teostab rehvit\u00f6id s\u00f5iduautodele, maasturitele, kaubikutele ja v\u00e4ikebussidele. Samuti pakume rehvide hoiustamise teenust. K\u00fcsi","breadcrumb":{"@id":"https:\/\/www.balticcar.ee\/autopesula\/rehvivahetus-pirital\/#breadcrumb"},"inLanguage":"en-US","potentialAction":[{"@type":"ReadAction","target":["https:\/\/www.balticcar.ee\/autopesula\/rehvivahetus-pirital\/"]}]},{"@type":"BreadcrumbList","@id":"https:\/\/www.balticcar.ee\/autopesula\/rehvivahetus-pirital\/#breadcrumb","itemListElement":[{"@type":"ListItem","position":1,"name":"Home","item":"https:\/\/www.balticcar.ee\/autopesula\/"},{"@type":"ListItem","position":2,"name":"Rehvivahetus Pirital"}]},{"@type":"WebSite","@id":"https:\/\/www.balticcar.ee\/autopesula\/#website","url":"https:\/\/www.balticcar.ee\/autopesula\/","name":"Baltic Car Rehvid","description":"Rehvid &amp; Rehvivahetus","potentialAction":[{"@type":"SearchAction","target":{"@type":"EntryPoint","urlTemplate":"https:\/\/www.balticcar.ee\/autopesula\/?s={search_term_string}"},"query-input":"required name=search_term_string"}],"inLanguage":"en-US"}]}},"_links":{"self":[{"href":"https:\/\/www.balticcar.ee\/autopesula\/wp-json\/wp\/v2\/pages\/1229"}],"collection":[{"href":"https:\/\/www.balticcar.ee\/autopesula\/wp-json\/wp\/v2\/pages"}],"about":[{"href":"https:\/\/www.balticcar.ee\/autopesula\/wp-json\/wp\/v2\/types\/page"}],"author":[{"embeddable":true,"href":"https:\/\/www.balticcar.ee\/autopesula\/wp-json\/wp\/v2\/users\/2"}],"replies":[{"embeddable":true,"href":"https:\/\/www.balticcar.ee\/autopesula\/wp-json\/wp\/v2\/comments?post=1229"}],"version-history":[{"count":0,"href":"https:\/\/www.balticcar.ee\/autopesula\/wp-json\/wp\/v2\/pages\/1229\/revisions"}],"wp:attachment":[{"href":"https:\/\/www.balticcar.ee\/autopesula\/wp-json\/wp\/v2\/media?parent=1229"}],"curies":[{"name":"wp","href":"https:\/\/api.w.org\/{rel}","templated":true}]}}